 be z(-13). What is the highest common divisor of x and s?
8
Suppose -5*u - 2*c = -5, -u + 6*c = 10*c - 19. Let v be 3 + -585 + u - 4. Let j = -300 - v. What is the greatest common factor of j and 41?
41
Let q(s) = 12*s + 128. Let f be q(0). Suppose -3*c + 129 = 5*t, 0 = 5*c + 2*t - 0*t - 234. Calculate the highest common factor of f and c.
16
Let r = 3 + 83. Suppose -105*k = 5*a - 111*k - 46, 0 = 5*a - 4*k - 34. What is the highest common divisor of a and r?
2
Suppose 22*g = -5*g. Suppose g = 4*o - 4*u - 1044, 0*u - 3*u + 1313 = 5*o. Calculate the highest common divisor of o and 2.
2
Suppose -7*m - 19*m = 0. Suppose m = -i + 104 - 14. What is the greatest common factor of 135 and i?
45
Let o be (-46)/115 - (402/10)/(-3). Suppose 24*p = 21*p + 24. Suppose -3*u + p*u = 715. Calculate the greatest common divisor of u and o.
13
Let x = -279 - -288. Let q(r) = r**3 - 11*r**2 + 21*r - 11. Let k be q(x). Calculate the greatest common factor of 12 and k.
4
Suppose 4*m + 27 = -q, 2*m = 6*m - 3*q + 47. Let t = 4 - m. Let g be (902/(-123))/(1/(-18)). What is the highest common factor of t and g?
12
Let d be (-16 + (-216)/27)*(1 + -13). Suppose -3*f = -5*a + 154, a - 4*f - 14 = 10. What is the greatest common factor of a and d?
32
Suppose -529 = -3*x - w, -405*x = -404*x - 2*w - 174. Calculate the highest common factor of x and 504.
8
Let d(y) = 74*y**2 - 50*y - 4. Let o be d(1). What is the highest common factor of o and 196?
4
Let j = 227 - 132. Suppose 13*k - j = 9. Suppose 6*m = k*m - 8. What is the highest common divisor of 8 and m?
4
Let m(h) = 36*h - 71. Let c be m(2). Let p be c/(10/484) + 6/(-15). Calculate the highest common divisor of 132 and p.
12
Let v(u) = -2005*u + 7678. Let r be v(0). Calculate the greatest common divisor of r and 22.
22
Let l(i) = 61*i**2 + 334*i + 3. Let h be l(-6). What is the highest common divisor of 20 and h?
5
Suppose 5*h + 70 = s, 3*s + s - 337 = h. Suppose 3*w = s + 44. Suppose -8*g + 872 + 1192 = 0. What is the greatest common factor of g and w?
43
Let z(h) = h**3 + 58*h**2 - 118*h + 144. Let y be z(-60). What is the greatest common divisor of 5268 and y?
12
Suppose 0 = -57*b + 31*b + 14586. Calculate the greatest common divisor of b and 99.
33
Let c(m) = m**2 + 8*m - 11. Let l be c(-10). Let p = l - 1. Calculate the highest common divisor of p and 184.
8
Suppose 10*i - 300 = 4*i. Let f = i + -46. Suppose f*w - 4*t - 40 = 0, -3*w - 5*t = 3 - 1. What is the highest common factor of w and 15?
3
Let y = 1769 + -1581. What is the greatest common divisor of 28 and y?
4
Suppose -3*l + 4*l = 12. Let n be 9/((-189)/6) + 4038/21. What is the greatest common factor of n and l?
12
Let x = -4318 - -4411. Calculate the greatest common divisor of 155 and x.
31
Suppose 41*f - 42*f - 5*t + 23 = 0, 3*f = -2*t + 108. Let j = 1439 + -717. What is the greatest common divisor of j and f?
38
Let y be 48/128 + -1 + 1805/8. Suppose 4*s - 2*w + 6*w - 732 = 0, -s + 186 = 2*w. What is the highest common factor of s and y?
45
Let g = -2 - -4. Let m(x) = x**2 - 14*x + 45. Let v be m(10). Suppose -v*c - 3 = -13. Calculate the highest common divisor of c and g.
2
Let q = -19 - -7. Let w be q/28 + 1832/28. What is the greatest common factor of 5 and w?
5
Suppose 2*n - 278 = -4*f, -126 = -f + 2*n - 69. What is the greatest common factor of 1809 and f?
67
Let i be 23210/45 - (-4)/18. Let h be 9/(135/i) + 8/(-20). What is the highest common factor of h and 68?
34
Suppose 87*b - 95*b - 880 = 0. Let w = b + 142. Calculate the highest common divisor of 176 and w.
16
Let h be (-117)/(-4) + (-3)/12. Suppose 0 = 3*n + h - 107. Let d = n - 16. What is the greatest common factor of d and 110?
10
Let j(r) = -8*r**2 + 20*r**2 + 0*r**3 + 13 + 0*r**2 + r**3. Let d be j(-7). Suppose 6 = -3*o + d. Calculate the greatest common divisor of o and 210.
42
Let h(i) be the third derivative of 17*i**4/8 - 190*i**3/3 + i**2 - 45*i. Let v be h(8). Calculate the greatest common factor of 259 and v.
7
Let b be (-14 - 1)/((-10881)/434 - -25). What is the highest common factor of b and 30?
30
Let s = -79 - -75. Let w be (((-32)/(-12))/s)/(2/(-714)). Let m be w/(6 - (3 - -1)). What is the highest common factor of 17 and m?
17
Let s be (-265)/(-318) + (-2258)/(-12). What is the greatest common factor of s and 108?
27
Let u = -5535 - -9473. What is the highest common factor of u and 895?
179
Let m be 534/78 + 24/(-13) + 2. Suppose -r - 18 = -m*r. Let a be 174/3 + -5 + 1*r. Calculate the greatest common factor of 28 and a.
28
Let u be (-4)/(16/521) + (-1)/(-4). Let s = 237 + u. Let v = s - 43. Calculate the highest common factor of 16 and v.
16
Let u(w) = 6*w + 45. Let a(m) = -m - 44. Let f(h) = -3*a(h) - 2*u(h). Let t be f(-3). What is the highest common divisor of 46 and t?
23
Suppose 42 = -16*c + 30*c. Suppose 5*w - 138 = c*w. What is the highest common divisor of 23 and w?
23
Suppose 2357 = -35*v + 7187. Let o be 230/v - (-2)/6. What is the greatest common divisor of o and 48?
2
Suppose 10*g = 13*g + t - 112, -4*g = 2*t - 144. Calculate the highest common factor of g and 37620.
20
Suppose -6*d - 3*j = -111, 5*d - 49 = 4*j + 37. Let u = 465 + -681. Let w = u - -414. Calculate the greatest common divisor of w and d.
18
Let m = 3039 - 2894. Calculate the greatest common divisor of m and 315.
5
Let x be (12/14)/((-73930)/(-6720) - 11). What is the highest common factor of 360 and x?
72
Suppose 3*r + 3 = -4*b, 4*b + 7 = -4*r - 1. Let v be -10*b/(-30) - -110. What is the highest common divisor of 3 and v?
3
Suppose -d - 14*d = -330. Suppose 0*b + 5 = -b, -b + d = 3*s. What is the highest common divisor of 1 and s?
1
Suppose 5*i = l + 21, -174 + 201 = i - 4*l. What is the highest common divisor of 257 and i?
1
Let n be (34 - 264)*-3*6/10. What is the greatest common factor of n and 138?
138
Let q(a) = a**3 - 11*a**2 + 26*a - 8. Let w be q(9). Suppose -20*y - 64 = -24*y. Calculate the greatest common factor of w and y.
16
Let q be (5/(-2))/(1/(-2)). Suppose 3*m - 3*d - 156 = 0, q*m - 2*d = 2*d + 262. Suppose 4*h - 176 = 148. What is the greatest common factor of h and m?
27
Suppose 5*c - 88204 = -4*p, 3*p + 22992 = c + 5355. What is the highest common divisor of 540 and c?
180
Suppose -n = g - 32, -2 + 10 = 4*n. Suppose 2*l - 3*m - 23 = 0, g*l - 34*l - 4*m = -36. Let u = 63 - -7. Calculate the greatest common divisor of l and u.
10
Let q(s) = s - 7. Let f be q(17). Suppose 3*p + f = 8*p. Let v be (-3)/p*(-2)/3. Calculate the greatest common divisor of v and 11.
1
Suppose 0 = -4*y, 737*g - 12870 = 732*g + 2*y. What is the greatest common factor of g and 1386?
198
Let v be 88/6 + (-3)/(-9). Suppose -2*k + 21 = 19. Let q be (1 + 1)*((-133)/(-2) + k). What is the greatest common factor of q and v?
15
Suppose -6*y = 77 + 73. Let s = -50 - y. Let d = -6 - s. Calculate the greatest common divisor of 171 and d.
19
Let b(s) = 76*s + 1. Let l be b(1). Let f = -3162 + 3217. What is the greatest common divisor of f and l?
11
Let v = 38 + 37. Let n be 5/10*(v - 3). Let d be (n - -2)/(-3 + 5). What is the highest common divisor of d and 95?
19
Let o = -7013 + 7589. What is the highest common divisor of 1908 and o?
36
Suppose 45*q - 1566 = -58*q + 16*q. Suppose -3*w + 7 = 4. Suppose -1 = -d + w. Calculate the highest common factor of d and q.
2
Suppose 0 = -3*i + 2116 + 2540. Suppose 4*f - 2*m - 1556 = 0, 9*f - i = 5*f + 4*m. Calculate the highest common factor of 39 and f.
39
Let q be (-72215)/(-135) + 12/162. Calculate the greatest common divisor of q and 1391.
107
Let w = -5 + -5. Let f(a) = -4. Let l(q) = 3*q - 32. Let t(n) = 18*f(n) - 2*l(n). Let r be t(w). Calculate the highest common divisor of 13 and r.
13
Let f(k) = 14*k + 7127. Let l be f(-58). What is the highest common factor of l and 105?
15
Let k be 2/4*-16*2*(-191 - 1). What is the greatest common factor of k and 48?
48
Let i be -17 + 5/(10/8). Let s = -9 - i. Let t = 1 + s. Calculate the greatest common divisor of 10 and t.
5
Suppose -4570 = 51*b - 15382. Calculate the greatest common factor of 3074 and b.
106
Let r = -160 - -251. Suppose r - 136 = -3*u. What is the greatest common divisor of 15 and u?
15
Let o(q) = 30*q + 178. Let u be o(-6). Let p be 29 - (u/(-4))/(16/192). Calculate the greatest common factor of p and 667